e 4
-12211230
Convert -2311 (base 14) to base 13.
-2a07
What is -1754 (base 8) in base 7?
-2633
Convert -3277 (base 10) to base 5.
-101102
-63367 (base 8) to base 4
-12123313
Convert 13317 (base 8) to base 12.
3467
Convert 422e (base 16) to base 8.
41056
What is 1455 (base 9) in base 11?
913
What is 1520 (base 10) in base 9?
2068
What is -8c7 (base 14) in base 2?
-11011001111
3143 (base 7) to base 8
2125
22330 (base 4) to base 16
2bc
What is -3388 (base 9) in base 8?
-4716
Convert 119 (base 13) to base 10.
191
What is 10160 (base 10) in base 6?
115012
100121000 (base 3) to base 7
26250
What is 1b6 (base 14) in base 9?
435
7c1 (base 15) to base 14
8d6
-100101101 (base 2) to base 15
-151
What is 101110001 (base 3) in base 10?
7615
142 (base 15) to base 5
2122
-a36 (base 11) to base 10
-1249
What is 787a (base 11) in base 14?
3acc
What is -100011101 (base 2) in base 11?
-23a
444 (base 5) to base 7
235
Convert -225251 (base 6) to base 9.
-28454
845 (base 9) to base 3
221112
Convert 464 (base 7) to base 6.
1042
Convert -21100010 (base 3) to base 16.
-14e5
774 (base 13) to base 9
1670
What is -32121203 (base 4) in base 6?
-1133015
What is e7c (base 15) in base 12?
1a83
What is 134 (base 10) in base 11?
112
-6a9 (base 11) to base 14
-445
Convert -1002111 (base 3) to base 13.
-493
What is 4c8 (base 15) in base 8?
2100
Convert 1311 (base 13) to base 10.
2718
What is 1203420 (base 5) in base 10?
22360
3321 (base 4) to base 5
1444
1010011000 (base 2) to base 16
298
What is -3225 (base 6) in base 3?
-1000022
What is 556 (base 13) in base 6?
4124
Convert -36 (base 15) to base 8.
-63
-1564 (base 9) to base 4
-102220
What is -1000541 (base 6) in base 7?
-253423
Convert -255 (base 7) to base 15.
-93
What is -20211211 (base 3) in base 8?
-11576
Convert -100101101 (base 2) to base 5.
-2201
-141530 (base 6) to base 4
-3100332
Convert 561 (base 11) to base 5.
10142
Convert 1635 (base 7) to base 12.
473
Convert 7773 (base 11) to base 15.
307e
Convert -5093 (base 10) to base 12.
-2b45
Convert -31141 (base 5) to base 4.
-133332
98a (base 11) to base 16
4a3
-4631 (base 10) to base 11
-3530
Convert -55c6 (base 14) to base 15.
-4619
-10100110 (base 2) to base 10
-166
Convert -1212 (base 4) to base 9.
-123
What is 1064 (base 8) in base 2?
1000110100
Convert 11110101001101 (base 2) to base 7.
63516
What is -5031 (base 6) in base 14?
-587
-334 (base 12) to base 2
-111011000
What is -680 (base 11) in base 10?
-814
Convert 12b5 (base 15) to base 16.
f9b
Convert 100010101 (base 2) to base 8.
425
-10514 (base 6) to base 9
-2031
What is 862 (base 16) in base 12?
12aa
Convert -93 (base 16) to base 6.
-403
What is 134 (base 10) in base 7?
251
1202121012 (base 3) to base 9
52535
What is ba56 (base 15) in base 6?
502400
1001110110110 (base 2) to base 8
11666
1334 (base 5) to base 15
e9
Convert 56d (base 15) to base 6.
5404
What is -562 (base 11) in base 3?
-220221
What is 111100000 (base 2) in base 6?
2120
What is -4152 (base 7) in base 11?
-1106
What is -26403 (base 8) in base 3?
-120210210
Convert 23250 (base 8) to base 13.
4673
-1ccd (base 14) to base 4
-1102131
What is -5c6b (base 13) in base 8?
-31456
Convert -49b (base 13) to base 11.
-671
What is -1058 (base 15) in base 5?
-102313
What is -7b (base 13) in base 10?
-102
Convert 22001103 (base 4) to base 13.
158b2
What is -a3a (base 15) in base 5?
-33210
Convert 261 (base 10) to base 16.
105
-80a (base 13) to base 3
-1212110
What is 10123 (base 5) in base 16?
297
-2301131 (base 4) to base 5
-330412
Convert 284 (base 15) to base 3.
210021
Convert -9743 (base 13) to base 2.
-101001000010011
22201011 (base 3) to base 2
1100011001101
Convert -1280 (base 9) to base 12.
-683
What is -1101101 (base 3) in base 13?
-5c8
What is -1d4 (base 14) in base 9?
-464
What is -101201221 (base 3) in base 8?
-17224
What is 100010 (base 3) in base 12?
186
What is -19c1 (base 13) in base 9?
-5275
Convert 230102 (base 4) to base 15.
c8e
Convert -1010022 (base 3) to base 13.
-4ac
2100220122 (base 3) to base 6
555412
Convert 238 (base 9) to base 8.
305
Convert -7532 (base 8) to base 2.
-111101011010
What is 2010214 (base 5) in base 3?
1121210202
-201110 (base 4) to base 10
-2132
12786 (base 10) to base 8
30762
-5666 (base 7) to base 3
-2211012
-36d8 (base 15) to base 10
-11678
-27752 (base 8) to base 5
-343031
Convert 46d (base 15) to base 10.
1003
Convert 4a (base 15) to base 7.
130
Convert 101011010100 (base 2) to base 14.
1020
Convert 6 (base 12) to base 3.
20
What is -1424501 (base 6) in base 14?
-21941
Convert -1203120 (base 4) to base 7.
-24354
Convert 73203 (base 8) to base 2.
111011010000011
What is -100553 (base 6) in base 3?
-101221220
Convert 557 (base 10) to base 11.
467
Convert 1748 (base 11) to base 10.
2230
38d (base 14) to base 8
1311
154 (base 16) to base 11
28a
Convert -a951 (base 12) to base 9.
-27507
Convert -420040 (base 5) to base 6.
-143430
What is 1406 (base 8) in base 13?
477
What is -15521 (base 9) in base 11?
-7a94
Convert -5037 (base 10) to base 12.
-2ab9
1011110100110100 (base 2) to base 3
2110102221
Convert -312 (base 10) to base 3.
-102120
1010010100001111 (base 2) to base 4
22110033
-11231 (base 6) to base 3
-2012101
What is -111101011000011 (base 2) in base 3?
-1121002222
Convert 85530 (base 9) to base 16.
dcf5
-32200103 (base 4) to base 16
-e813
Convert -31647 (base 8) to base 5.
-410343
310121 (base 4) to base 2
110100011001
Convert 227 (base 16) to base 8.
1047
Convert 383 (base 16) to base 11.
748
What is aa1a (base 12) in base 11?
13099
What is 818 (base 11) in base 10?
987
404 (base 7) to base 9
242
What is 2560 (base 7) in base 9?
1301
-110001011101 (base 2) to base 11
-2418
Convert 11111110001 (base 2) to base 3.
2210022
Convert -120a7 (base 13) to base 14.
-c0ba
What is c89 (base 16) in base 12?
1a35
What is 1c85 (base 13) in base 2?
1000011101110
What is 111010 (base 4) in base 16?
544
Convert -110010111100100 (base 2) to base 11.
-18663
What is 11011001001 (base 2) in base 11?
133a
What is 53b (base 12) in base 9?
1042
What is -2014 (base 5) in base 7?
-520
-8177 (base 10) to base 12
-4895
Convert 330014 (base 6) to base 14.
9cca
Convert 195 (base 16) to base 12.
299
-1c1c2 (base 13) to base 11
-3856a
Convert 114504 (base 6) to base 3.
111212211
Convert -1a84 (base 12) to base 2.
-110011000100
Convert -32146 (base 7) to base 2.
-1111100100100
Convert 1011213 (base 4) to base 11.
3390
What is -22332212 (base 4) in base 16?
-afa6
4202 (base 6) to base 8
1652
Convert -164 (base 12) to base 11.
-190
What is -2112 (base 3) in base 6?
-152
Convert a992 (base 11) to base 2.
11100010100100
32a (base 11) to base 2
110001011
Convert -1bb7 (base 15) to base 12.
-359a
What is d2a (base 15) in base 8?
5625
-7706 (base 9) to base 7
-22356
Convert -b79 (base 13) to base 4.
-132213
Convert -101110011100 (base 2) to base 4.
-232130
Convert 957 (base 11) to base 9.
1518
Convert 4d94 (base 16) to base 15.
5d40
Convert 110100122 (base 3) to base 15.
2a08
Convert 48767 (base 11) to base 16.
111f4
Convert -3311333 (base 4) to base 12.
-913b
What is -20aa (base 13) in base 11?
-3452
What is -10426 (base 8) in base 13?
-1cb6
Convert 110000100000100 (base 2) to base 4.
12010010
142430 (base 5) to base 12
3572
What is -420a (base 12) in base 5?
-212320
-241405 (base 7) to base 4
-22223302
What is -6672 (base 13) in base 15?
-4379
Convert 1119 (base 10) to base 5.
13434
What is -3200 (base 5) in base 3?
-120202
Convert -10221 (base 11) to base 3.
-202110002
Convert -231530 (base 7) to base 8.
-120722
What is 1302 (base 6) in base 14?
194
Convert -126 (base 13) to base 9.
-243
-1010001010 (base 2) to base 5
-10100
Convert -1068 (base 9) to base 16.
-317
What is -100 (base 7) in base 2?
-110001
Convert -1244 (base 8) to base 5.
-10201
30212 (base 4) to base 10
806
What is 1471 (base 15) in base 11?
3323
What is -549a (base 14) in base 6?
-151440
10332 (base 5) to base 2
1011001101
Convert -2012001 (base 3) to base 4.
-120322
36b (base 12) to base 8
1003
1110110011110010 (base 2) to base 8
166362
Convert 2203013 (base 4) to base 11.
7930
183 (base 15) to base 11
297
Convert 304203 (base 5) to base 6.
113544
5642 (base 7) to base 5
31124
Convert 1011101011100111 (base 2) to base 9.
72563
16006 (base 9) to base 2
10101010111101
What i